{"id":34,"date":"2023-11-17T10:23:47","date_gmt":"2023-11-17T10:23:47","guid":{"rendered":"https:\/\/nehstore.com\/klubb\/?page_id=34"},"modified":"2025-09-11T08:16:41","modified_gmt":"2025-09-11T08:16:41","slug":"klubbar","status":"publish","type":"page","link":"https:\/\/nehstore.com\/klubb\/klubbar\/","title":{"rendered":"KLUBBAR"},"content":{"rendered":"<!--themify_builder_content-->\n<div id=\"themify_builder_content-34\" data-postid=\"34\" class=\"themify_builder_content themify_builder_content-34 themify_builder tf_clear\">\n    \t\t\t\t<!-- module_row -->\n\t\t<div  data-css_id=\"bjsp909\" data-lazy=\"1\" class=\"module_row themify_builder_row fullwidth tb_bjsp909 tb_first tf_w tf_clearfix\">\n\t\t\t\t\t<div class=\"row_inner col_align_top tb_col_count_1 tf_box tf_rel\">\n\t\t\t\t\t<div  data-lazy=\"1\" class=\"module_column tb-column col-full tb_z6jo909 first\">\n\t\t\t\t\t\t\t\t\t<div class=\"tb-column-inner tf_box tf_w\">\n\t\t\t\t\t\t<div  data-lazy=\"1\" class=\"module_subrow themify_builder_sub_row tb_03l3910 tf_w tf_clearfix\">\n\t\t\t\t\t<div class=\"subrow_inner col_align_top tb_col_count_3 tf_box tf_w\">\n\t\t\t\t\t<div  data-lazy=\"1\" class=\"module_column sub_column col3-1 tb_i83j910 first tb_link_outline\" data-tb_link=\"https:\/\/nehstore.com\/klubb\/fotboll\/\">\n\t\t<div class=\"builder_row_cover tf_abs\"><\/div>\t\t\t\t\t\t\t<div class=\"tb-column-inner tf_box tf_w\">\n\t\t\t\t<!-- module text -->\n<div  class=\"module module-text tb_wlof73   \" data-lazy=\"1\">\n        <div  class=\"tb_text_wrap\">\n    <h2><a href=\"https:\/\/nehstore.com\/klubb\/fotboll\/\">FOTBOLL<\/a><\/h2>    <\/div>\n<\/div>\n<!-- \/module text -->\t\t\t\t<\/div><!-- .tb-column-inner -->\n\t\t\t\t\t\t<\/div><!-- .module_column -->\n\t\t\t\t\t<div  data-lazy=\"1\" class=\"module_column sub_column col3-1 tb_4zuw201 tb_link_outline\" data-tb_link=\"https:\/\/nehstore.com\/klubb\/ridsport\/\">\n\t\t<div class=\"builder_row_cover tf_abs\"><\/div>\t\t\t\t\t\t\t<div class=\"tb-column-inner tf_box tf_w\">\n\t\t\t\t<!-- module text -->\n<div  class=\"module module-text tb_njjf202   \" data-lazy=\"1\">\n        <div  class=\"tb_text_wrap\">\n    <h2><a href=\"https:\/\/nehstore.com\/klubb\/ridsport\/\">RIDSPORT<\/a><\/h2>    <\/div>\n<\/div>\n<!-- \/module text -->\t\t\t\t<\/div><!-- .tb-column-inner -->\n\t\t\t\t\t\t<\/div><!-- .module_column -->\n\t\t\t\t\t<div  data-lazy=\"1\" class=\"module_column sub_column col3-1 tb_dtna911 last tb_link_outline\" data-tb_link=\"https:\/\/nehstore.com\/klubb\/ishockey\/\">\n\t\t<div class=\"builder_row_cover tf_abs\"><\/div>\t\t\t\t\t\t\t<div class=\"tb-column-inner tf_box tf_w\">\n\t\t\t\t<!-- module text -->\n<div  class=\"module module-text tb_owkc555   \" data-lazy=\"1\">\n        <div  class=\"tb_text_wrap\">\n    <h2><a href=\"https:\/\/nehstore.com\/klubb\/ishockey\/\">ISHOCKEY<\/a><\/h2>    <\/div>\n<\/div>\n<!-- \/module text -->\t\t\t\t<\/div><!-- .tb-column-inner -->\n\t\t\t\t\t\t<\/div><!-- .module_column -->\n\t\t\t\t\t\t<\/div><!-- .subrow_inner -->\n\t\t<\/div><!-- .themify_builder_sub_row -->\n\t\t\t\t\t\t<div  data-lazy=\"1\" class=\"module_subrow themify_builder_sub_row tb_bq2v201 tf_w tf_clearfix\">\n\t\t\t\t\t<div class=\"subrow_inner col_align_top tb_col_count_3 tf_box tf_w\">\n\t\t\t\t\t<div  data-lazy=\"1\" class=\"module_column sub_column col3-1 tb_pts9201 first tb_link_outline\" data-tb_link=\"https:\/\/nehstore.com\/klubb\/agility\/\">\n\t\t<div class=\"builder_row_cover tf_abs\"><\/div>\t\t\t\t\t\t\t<div class=\"tb-column-inner tf_box tf_w\">\n\t\t\t\t<!-- module text -->\n<div  class=\"module module-text tb_y49u201   \" data-lazy=\"1\">\n        <div  class=\"tb_text_wrap\">\n    <h2><a href=\"https:\/\/nehstore.com\/klubb\/hundsport\/\">HUNDSPORT<\/a><\/h2>    <\/div>\n<\/div>\n<!-- \/module text -->\t\t\t\t<\/div><!-- .tb-column-inner -->\n\t\t\t\t\t\t<\/div><!-- .module_column -->\n\t\t\t\t\t<div  data-lazy=\"1\" class=\"module_column sub_column col3-1 tb_x7as450 tb_link_outline\" data-tb_link=\"https:\/\/nehstore.com\/klubb\/lopning\/\">\n\t\t<div class=\"builder_row_cover tf_abs\"><\/div>\t\t\t\t\t\t\t<div class=\"tb-column-inner tf_box tf_w\">\n\t\t\t\t<!-- module text -->\n<div  class=\"module module-text tb_btsp450   \" data-lazy=\"1\">\n        <div  class=\"tb_text_wrap\">\n    <h2><a href=\"https:\/\/nehstore.com\/klubb\/lopning\/\">L\u00d6PNING<\/a><\/h2>    <\/div>\n<\/div>\n<!-- \/module text -->\t\t\t\t<\/div><!-- .tb-column-inner -->\n\t\t\t\t\t\t<\/div><!-- .module_column -->\n\t\t\t\t\t<div  data-lazy=\"1\" class=\"module_column sub_column col3-1 tb_stvp202 last tb_link_outline\" data-tb_link=\"https:\/\/nehstore.com\/klubb\/handboll\/\">\n\t\t<div class=\"builder_row_cover tf_abs\"><\/div>\t\t\t\t\t\t\t<div class=\"tb-column-inner tf_box tf_w\">\n\t\t\t\t<!-- module text -->\n<div  class=\"module module-text tb_6su5202   \" data-lazy=\"1\">\n        <div  class=\"tb_text_wrap\">\n    <h2><a href=\"https:\/\/nehstore.com\/klubb\/handboll\/\">HANDBOLL<\/a><\/h2>    <\/div>\n<\/div>\n<!-- \/module text -->\t\t\t\t<\/div><!-- .tb-column-inner -->\n\t\t\t\t\t\t<\/div><!-- .module_column -->\n\t\t\t\t\t\t<\/div><!-- .subrow_inner -->\n\t\t<\/div><!-- .themify_builder_sub_row -->\n\t\t\t\t\t\t<div  data-lazy=\"1\" class=\"module_subrow themify_builder_sub_row tb_jppy895 tf_w tf_clearfix\">\n\t\t\t\t\t<div class=\"subrow_inner col_align_top tb_col_count_3 tf_box tf_w\">\n\t\t\t\t\t<div  data-lazy=\"1\" class=\"module_column sub_column col3-1 tb_qpib895 first tb_link_outline\" data-tb_link=\"https:\/\/nehstore.com\/klubb\/tennis\/\">\n\t\t<div class=\"builder_row_cover tf_abs\"><\/div>\t\t\t\t\t\t\t<div class=\"tb-column-inner tf_box tf_w\">\n\t\t\t\t<!-- module text -->\n<div  class=\"module module-text tb_kwi6895   \" data-lazy=\"1\">\n        <div  class=\"tb_text_wrap\">\n    <h2><a href=\"https:\/\/nehstore.com\/klubb\/tennis\/\">TENNIS<\/a><\/h2>    <\/div>\n<\/div>\n<!-- \/module text -->\t\t\t\t<\/div><!-- .tb-column-inner -->\n\t\t\t\t\t\t<\/div><!-- .module_column -->\n\t\t\t\t\t<div  data-lazy=\"1\" class=\"module_column sub_column col3-1 tb_zyvf895 tb_link_outline\" data-tb_link=\"https:\/\/nehstore.com\/klubb\/kraftsport\/\">\n\t\t<div class=\"builder_row_cover tf_abs\"><\/div>\t\t\t\t\t\t\t<div class=\"tb-column-inner tf_box tf_w\">\n\t\t\t\t<!-- module text -->\n<div  class=\"module module-text tb_1gje896   \" data-lazy=\"1\">\n        <div  class=\"tb_text_wrap\">\n    <h2><a href=\"https:\/\/nehstore.com\/klubb\/kraftsport\/\">KRAFTSPORT<\/a><\/h2>    <\/div>\n<\/div>\n<!-- \/module text -->\t\t\t\t<\/div><!-- .tb-column-inner -->\n\t\t\t\t\t\t<\/div><!-- .module_column -->\n\t\t\t\t\t<div  data-lazy=\"1\" class=\"module_column sub_column col3-1 tb_maqo896 last tb_link_outline\" data-tb_link=\"https:\/\/nehstore.com\/klubb\/dans\/\">\n\t\t<div class=\"builder_row_cover tf_abs\"><\/div>\t\t\t\t\t\t\t<div class=\"tb-column-inner tf_box tf_w\">\n\t\t\t\t<!-- module text -->\n<div  class=\"module module-text tb_e7tv896   \" data-lazy=\"1\">\n        <div  class=\"tb_text_wrap\">\n    <h2><a href=\"https:\/\/nehstore.com\/klubb\/dans\/\">DANS<\/a><\/h2>    <\/div>\n<\/div>\n<!-- \/module text -->\t\t\t\t<\/div><!-- .tb-column-inner -->\n\t\t\t\t\t\t<\/div><!-- .module_column -->\n\t\t\t\t\t\t<\/div><!-- .subrow_inner -->\n\t\t<\/div><!-- .themify_builder_sub_row -->\n\t\t\t\t\t\t<div  data-lazy=\"1\" class=\"module_subrow themify_builder_sub_row tb_tngu449 tf_w tf_clearfix\">\n\t\t\t\t\t<div class=\"subrow_inner col_align_top tb_col_count_3 tf_box tf_w\">\n\t\t\t\t\t<div  data-lazy=\"1\" class=\"module_column sub_column col3-1 tb_9e8b910 first tb_link_outline\" data-tb_link=\"https:\/\/nehstore.com\/klubb\/innebandy\/\">\n\t\t<div class=\"builder_row_cover tf_abs\"><\/div>\t\t\t\t\t\t\t<div class=\"tb-column-inner tf_box tf_w\">\n\t\t\t\t<!-- module text -->\n<div  class=\"module module-text tb_kfl4314   \" data-lazy=\"1\">\n        <div  class=\"tb_text_wrap\">\n    <h2><a href=\"https:\/\/nehstore.com\/klubb\/innebandy\/\">INNEBANDY<\/a><\/h2>    <\/div>\n<\/div>\n<!-- \/module text -->\t\t\t\t<\/div><!-- .tb-column-inner -->\n\t\t\t\t\t\t<\/div><!-- .module_column -->\n\t\t\t\t\t<div  data-lazy=\"1\" class=\"module_column sub_column col3-1 tb_1gey450 tb_link_outline\" data-tb_link=\"https:\/\/nehstore.com\/klubb\/skidsport\/\">\n\t\t<div class=\"builder_row_cover tf_abs\"><\/div>\t\t\t\t\t\t\t<div class=\"tb-column-inner tf_box tf_w\">\n\t\t\t\t<!-- module text -->\n<div  class=\"module module-text tb_1csh450   \" data-lazy=\"1\">\n        <div  class=\"tb_text_wrap\">\n    <h2><a href=\"https:\/\/nehstore.com\/klubb\/skidsport\/\">SKIDSPORT<\/a><\/h2>    <\/div>\n<\/div>\n<!-- \/module text -->\t\t\t\t<\/div><!-- .tb-column-inner -->\n\t\t\t\t\t\t<\/div><!-- .module_column -->\n\t\t\t\t\t<div  data-lazy=\"1\" class=\"module_column sub_column col3-1 tb_0gk4450 last tb_link_outline\" data-tb_link=\"https:\/\/nehstore.com\/klubb\/konstakning\/\">\n\t\t<div class=\"builder_row_cover tf_abs\"><\/div>\t\t\t\t\t\t\t<div class=\"tb-column-inner tf_box tf_w\">\n\t\t\t\t<!-- module text -->\n<div  class=\"module module-text tb_4bfk450   \" data-lazy=\"1\">\n        <div  class=\"tb_text_wrap\">\n    <h2><a href=\"https:\/\/nehstore.com\/klubb\/konstakning\/\">KONST\u00c5KNING<\/a><\/h2>    <\/div>\n<\/div>\n<!-- \/module text -->\t\t\t\t<\/div><!-- .tb-column-inner -->\n\t\t\t\t\t\t<\/div><!-- .module_column -->\n\t\t\t\t\t\t<\/div><!-- .subrow_inner -->\n\t\t<\/div><!-- .themify_builder_sub_row -->\n\t\t\t\t\t\t<div  data-lazy=\"1\" class=\"module_subrow themify_builder_sub_row tb_vgqn693 tf_w tf_clearfix\">\n\t\t\t\t\t<div class=\"subrow_inner col_align_top tb_col_count_3 tf_box tf_w\">\n\t\t\t\t\t<div  data-lazy=\"1\" class=\"module_column sub_column col3-1 tb_sfwg693 first tb_link_outline\" data-tb_link=\"https:\/\/nehstore.com\/klubb\/lopning\/\">\n\t\t<div class=\"builder_row_cover tf_abs\"><\/div>\t\t\t\t\t\t\t<div class=\"tb-column-inner tf_box tf_w\">\n\t\t\t\t<!-- module text -->\n<div  class=\"module module-text tb_8u4e694   \" data-lazy=\"1\">\n        <div  class=\"tb_text_wrap\">\n    <h2><a href=\"https:\/\/nehstore.com\/klubb\/simning\/\">SIMNING<\/a><\/h2>    <\/div>\n<\/div>\n<!-- \/module text -->\t\t\t\t<\/div><!-- .tb-column-inner -->\n\t\t\t\t\t\t<\/div><!-- .module_column -->\n\t\t\t\t\t<div  data-lazy=\"1\" class=\"module_column sub_column col3-1 tb_d75v694 tb_link_outline\" data-tb_link=\"https:\/\/nehstore.com\/klubb\/skidsport\/\">\n\t\t<div class=\"builder_row_cover tf_abs\"><\/div>\t\t\t\t\t\t\t<div class=\"tb-column-inner tf_box tf_w\">\n\t\t\t\t<!-- module text -->\n<div  class=\"module module-text tb_341w694   \" data-lazy=\"1\">\n        <div  class=\"tb_text_wrap\">\n    <h2><a href=\"https:\/\/nehstore.com\/klubb\/bowling\/\">BOWLING<\/a><\/h2>    <\/div>\n<\/div>\n<!-- \/module text -->\t\t\t\t<\/div><!-- .tb-column-inner -->\n\t\t\t\t\t\t<\/div><!-- .module_column -->\n\t\t\t\t\t<div  data-lazy=\"1\" class=\"module_column sub_column col3-1 tb_9ebi694 last tb_link_outline\" data-tb_link=\"https:\/\/nehstore.com\/klubb\/konstakning\/\">\n\t\t<div class=\"builder_row_cover tf_abs\"><\/div>\t\t\t\t\t\t\t<div class=\"tb-column-inner tf_box tf_w\">\n\t\t\t\t<!-- module text -->\n<div  class=\"module module-text tb_l8c2694   \" data-lazy=\"1\">\n        <div  class=\"tb_text_wrap\">\n    <h2><a href=\"https:\/\/nehstore.com\/klubb\/friidrott\/\">FRIIDROTT<\/a><\/h2>    <\/div>\n<\/div>\n<!-- \/module text -->\t\t\t\t<\/div><!-- .tb-column-inner -->\n\t\t\t\t\t\t<\/div><!-- .module_column -->\n\t\t\t\t\t\t<\/div><!-- .subrow_inner -->\n\t\t<\/div><!-- .themify_builder_sub_row -->\n\t\t\t\t\t\t<div  data-lazy=\"1\" class=\"module_subrow themify_builder_sub_row tb_17v8846 tf_w tf_clearfix\">\n\t\t\t\t\t<div class=\"subrow_inner col_align_top tb_col_count_3 tf_box tf_w\">\n\t\t\t\t\t<div  data-lazy=\"1\" class=\"module_column sub_column col3-1 tb_q54h846 first tb_link_outline\" data-tb_link=\"https:\/\/nehstore.com\/klubb\/motorsport\/\">\n\t\t<div class=\"builder_row_cover tf_abs\"><\/div>\t\t\t\t\t\t\t<div class=\"tb-column-inner tf_box tf_w\">\n\t\t\t\t<!-- module text -->\n<div  class=\"module module-text tb_1kms846   \" data-lazy=\"1\">\n        <div  class=\"tb_text_wrap\">\n    <h2><a href=\"https:\/\/nehstore.com\/klubb\/motorsport\/\">MOTORSPORT<\/a><\/h2>    <\/div>\n<\/div>\n<!-- \/module text -->\t\t\t\t<\/div><!-- .tb-column-inner -->\n\t\t\t\t\t\t<\/div><!-- .module_column -->\n\t\t\t\t\t<div  data-lazy=\"1\" class=\"module_column sub_column col3-1 tb_aulf847 tb_link_outline\" data-tb_link=\"https:\/\/nehstore.com\/klubb\/golf\/\">\n\t\t<div class=\"builder_row_cover tf_abs\"><\/div>\t\t\t\t\t\t\t<div class=\"tb-column-inner tf_box tf_w\">\n\t\t\t\t<!-- module text -->\n<div  class=\"module module-text tb_9y0l847   \" data-lazy=\"1\">\n        <div  class=\"tb_text_wrap\">\n    <h2><a href=\"https:\/\/nehstore.com\/klubb\/golf\/\">GOLF<\/a><\/h2>    <\/div>\n<\/div>\n<!-- \/module text -->\t\t\t\t<\/div><!-- .tb-column-inner -->\n\t\t\t\t\t\t<\/div><!-- .module_column -->\n\t\t\t\t\t<div  data-lazy=\"1\" class=\"module_column sub_column col3-1 tb_g7gm847 last tb_link_outline\" data-tb_link=\"https:\/\/nehstore.com\/klubb\/ovrigt\/\">\n\t\t<div class=\"builder_row_cover tf_abs\"><\/div>\t\t\t\t\t\t\t<div class=\"tb-column-inner tf_box tf_w\">\n\t\t\t\t<!-- module text -->\n<div  class=\"module module-text tb_homw847   \" data-lazy=\"1\">\n        <div  class=\"tb_text_wrap\">\n    <h2><a href=\"https:\/\/nehstore.com\/klubb\/ovrigt\/\">\u00d6VRIGT&#8230;<\/a><\/h2>    <\/div>\n<\/div>\n<!-- \/module text -->\t\t\t\t<\/div><!-- .tb-column-inner -->\n\t\t\t\t\t\t<\/div><!-- .module_column -->\n\t\t\t\t\t\t<\/div><!-- .subrow_inner -->\n\t\t<\/div><!-- .themify_builder_sub_row -->\n\t\t\t\t\t\t\t\t<\/div><!-- .tb-column-inner -->\n\t\t\t\t\t\t<\/div><!-- .module_column -->\n\t\t\t\t\t\t<\/div><!-- .row_inner -->\n\t\t<\/div><!-- .module_row -->\n\t\t\t\t<\/div>\n<!--\/themify_builder_content-->","protected":false},"excerpt":{"rendered":"<p>FOTBOLL RIDSPORT ISHOCKEY HUNDSPORT L\u00d6PNING HANDBOLL TENNIS KRAFTSPORT DANS INNEBANDY SKIDSPORT KONST\u00c5KNING SIMNING BOWLING FRIIDROTT MOTORSPORT GOLF \u00d6VRIGT&#8230;<\/p>\n","protected":false},"author":1,"featured_media":0,"parent":0,"menu_order":0,"comment_status":"closed","ping_status":"closed","template":"","meta":{"_uag_custom_page_level_css":"","footnotes":""},"class_list":["post-34","page","type-page","status-publish","hentry","has-post-title","has-post-date","has-post-category","has-post-tag","has-post-comment","has-post-author",""],"uagb_featured_image_src":{"full":false,"thumbnail":false,"medium":false,"medium_large":false,"large":false,"RoboGalleryMansoryImagesCenter":false,"RoboGalleryPreload":false,"1536x1536":false,"2048x2048":false,"woocommerce_thumbnail":false,"woocommerce_single":false,"woocommerce_gallery_thumbnail":false},"uagb_author_info":{"display_name":"neh-nehstore2","author_link":"https:\/\/nehstore.com\/klubb\/author\/neh-nehstore2\/"},"uagb_comment_info":0,"uagb_excerpt":"FOTBOLL RIDSPORT ISHOCKEY HUNDSPORT L\u00d6PNING HANDBOLL TENNIS KRAFTSPORT DANS INNEBANDY SKIDSPORT KONST\u00c5KNING SIMNING BOWLING FRIIDROTT MOTORSPORT GOLF \u00d6VRIGT&#8230;","builder_content":"<h2><a href=\"https:\/\/nehstore.com\/klubb\/fotboll\/\">FOTBOLL<\/a><\/h2>\n<h2><a href=\"https:\/\/nehstore.com\/klubb\/ridsport\/\">RIDSPORT<\/a><\/h2>\n<h2><a href=\"https:\/\/nehstore.com\/klubb\/ishockey\/\">ISHOCKEY<\/a><\/h2>\n<h2><a href=\"https:\/\/nehstore.com\/klubb\/hundsport\/\">HUNDSPORT<\/a><\/h2>\n<h2><a href=\"https:\/\/nehstore.com\/klubb\/lopning\/\">L\u00d6PNING<\/a><\/h2>\n<h2><a href=\"https:\/\/nehstore.com\/klubb\/handboll\/\">HANDBOLL<\/a><\/h2>\n<h2><a href=\"https:\/\/nehstore.com\/klubb\/tennis\/\">TENNIS<\/a><\/h2>\n<h2><a href=\"https:\/\/nehstore.com\/klubb\/kraftsport\/\">KRAFTSPORT<\/a><\/h2>\n<h2><a href=\"https:\/\/nehstore.com\/klubb\/dans\/\">DANS<\/a><\/h2>\n<h2><a href=\"https:\/\/nehstore.com\/klubb\/innebandy\/\">INNEBANDY<\/a><\/h2>\n<h2><a href=\"https:\/\/nehstore.com\/klubb\/skidsport\/\">SKIDSPORT<\/a><\/h2>\n<h2><a href=\"https:\/\/nehstore.com\/klubb\/konstakning\/\">KONST\u00c5KNING<\/a><\/h2>\n<h2><a href=\"https:\/\/nehstore.com\/klubb\/simning\/\">SIMNING<\/a><\/h2>\n<h2><a href=\"https:\/\/nehstore.com\/klubb\/bowling\/\">BOWLING<\/a><\/h2>\n<h2><a href=\"https:\/\/nehstore.com\/klubb\/friidrott\/\">FRIIDROTT<\/a><\/h2>\n<h2><a href=\"https:\/\/nehstore.com\/klubb\/motorsport\/\">MOTORSPORT<\/a><\/h2>\n<h2><a href=\"https:\/\/nehstore.com\/klubb\/golf\/\">GOLF<\/a><\/h2>\n<h2><a href=\"https:\/\/nehstore.com\/klubb\/ovrigt\/\">\u00d6VRIGT...<\/a><\/h2>","_links":{"self":[{"href":"https:\/\/nehstore.com\/klubb\/wp-json\/wp\/v2\/pages\/34","targetHints":{"allow":["GET"]}}],"collection":[{"href":"https:\/\/nehstore.com\/klubb\/wp-json\/wp\/v2\/pages"}],"about":[{"href":"https:\/\/nehstore.com\/klubb\/wp-json\/wp\/v2\/types\/page"}],"author":[{"embeddable":true,"href":"https:\/\/nehstore.com\/klubb\/wp-json\/wp\/v2\/users\/1"}],"replies":[{"embeddable":true,"href":"https:\/\/nehstore.com\/klubb\/wp-json\/wp\/v2\/comments?post=34"}],"version-history":[{"count":35,"href":"https:\/\/nehstore.com\/klubb\/wp-json\/wp\/v2\/pages\/34\/revisions"}],"predecessor-version":[{"id":4960,"href":"https:\/\/nehstore.com\/klubb\/wp-json\/wp\/v2\/pages\/34\/revisions\/4960"}],"wp:attachment":[{"href":"https:\/\/nehstore.com\/klubb\/wp-json\/wp\/v2\/media?parent=34"}],"curies":[{"name":"wp","href":"https:\/\/api.w.org\/{rel}","templated":true}]}}