{"id":3694,"date":"2025-01-16T08:28:23","date_gmt":"2025-01-16T08:28:23","guid":{"rendered":"https:\/\/nehstore.com\/klubb\/?post_type=product&#038;p=3694"},"modified":"2025-05-19T12:20:39","modified_gmt":"2025-05-19T12:20:39","slug":"hoodtroja-funktion-barn-team-one","status":"publish","type":"product","link":"https:\/\/nehstore.com\/klubb\/produkt\/hoodtroja-funktion-barn-team-one\/","title":{"rendered":"Hoodtr\u00f6ja Funktion Barn, Team One"},"content":{"rendered":"<!--themify_builder_content-->\n<div id=\"themify_builder_content-3694\" data-postid=\"3694\" class=\"themify_builder_content themify_builder_content-3694 themify_builder tf_clear\">\n    <\/div>\n<!--\/themify_builder_content-->\n","protected":false},"excerpt":{"rendered":"<p>En spun dyed hoodtr\u00f6ja med k\u00e4nguruficka i juniormodell. Fiskbensm\u00f6nstrat nackband i halsen, ribbad mudd i \u00e4rmavslut och nedtill. Gjord utan dragsko till huvan f\u00f6r \u00f6kad barns\u00e4kerhet. Utrustad med smart h\u00f6rlursl\u00f6sning.<\/p>\n<div>\n<div><strong>F\u00f6r\u00e4dling: <\/strong>Tryckta loggor<\/div>\n<div class=\"Text-sc-s31epd-0 iOMnrj d-inline f3-700 mr-1\"><strong>Material:<\/strong> 100% spun dyed polyester<\/div>\n<div>\n<div>\n<div class=\"Text-sc-s31epd-0 iOMnrj d-inline f3-700 mr-1\"><strong>Vikt:<\/strong> 280 g\/m2<\/div>\n<\/div>\n<\/div>\n<\/div>\n","protected":false},"featured_media":3661,"template":"","meta":{"_uag_custom_page_level_css":""},"product_brand":[],"product_cat":[245],"product_tag":[],"class_list":{"0":"post-3694","1":"product","2":"type-product","3":"status-publish","4":"has-post-thumbnail","6":"product_cat-team-one-taekwondo","7":"has-post-title","8":"has-post-date","9":"has-post-category","10":"has-post-tag","11":"has-post-comment","12":"has-post-author","13":"","15":"first","16":"instock","17":"taxable","18":"shipping-taxable","19":"purchasable","20":"product-type-variable"},"uagb_featured_image_src":{"full":["https:\/\/nehstore.com\/klubb\/wp-content\/uploads\/2025\/01\/Produkter-forslag-team-one_Rityta-1-05.jpg",850,850,false],"thumbnail":["https:\/\/nehstore.com\/klubb\/wp-content\/uploads\/2025\/01\/Produkter-forslag-team-one_Rityta-1-05-150x150.jpg",150,150,true],"medium":["https:\/\/nehstore.com\/klubb\/wp-content\/uploads\/2025\/01\/Produkter-forslag-team-one_Rityta-1-05-300x300.jpg",300,300,true],"medium_large":["https:\/\/nehstore.com\/klubb\/wp-content\/uploads\/2025\/01\/Produkter-forslag-team-one_Rityta-1-05-768x768.jpg",768,768,true],"large":["https:\/\/nehstore.com\/klubb\/wp-content\/uploads\/2025\/01\/Produkter-forslag-team-one_Rityta-1-05.jpg",850,850,false],"RoboGalleryMansoryImagesCenter":["https:\/\/nehstore.com\/klubb\/wp-content\/uploads\/2025\/01\/Produkter-forslag-team-one_Rityta-1-05-600x850.jpg",600,850,true],"RoboGalleryPreload":["https:\/\/nehstore.com\/klubb\/wp-content\/uploads\/2025\/01\/Produkter-forslag-team-one_Rityta-1-05.jpg",100,100,false],"1536x1536":["https:\/\/nehstore.com\/klubb\/wp-content\/uploads\/2025\/01\/Produkter-forslag-team-one_Rityta-1-05.jpg",850,850,false],"2048x2048":["https:\/\/nehstore.com\/klubb\/wp-content\/uploads\/2025\/01\/Produkter-forslag-team-one_Rityta-1-05.jpg",850,850,false],"woocommerce_thumbnail":["https:\/\/nehstore.com\/klubb\/wp-content\/uploads\/2025\/01\/Produkter-forslag-team-one_Rityta-1-05-300x300.jpg",300,300,true],"woocommerce_single":["https:\/\/nehstore.com\/klubb\/wp-content\/uploads\/2025\/01\/Produkter-forslag-team-one_Rityta-1-05-600x600-600x600.jpg",600,600,true],"woocommerce_gallery_thumbnail":["https:\/\/nehstore.com\/klubb\/wp-content\/uploads\/2025\/01\/Produkter-forslag-team-one_Rityta-1-05-100x100.jpg",100,100,true]},"uagb_author_info":{"display_name":"neh-nehstore2","author_link":"https:\/\/nehstore.com\/klubb\/author\/"},"uagb_comment_info":0,"uagb_excerpt":"En spun dyed hoodtr\u00f6ja med k\u00e4nguruficka i juniormodell. Fiskbensm\u00f6nstrat nackband i halsen, ribbad mudd i \u00e4rmavslut och nedtill. Gjord utan dragsko till huvan f\u00f6r \u00f6kad barns\u00e4kerhet. Utrustad med smart h\u00f6rlursl\u00f6sning. F\u00f6r\u00e4dling: Tryckta loggor Material: 100% spun dyed polyester Vikt: 280 g\/m2","builder_content":"","_links":{"self":[{"href":"https:\/\/nehstore.com\/klubb\/wp-json\/wp\/v2\/product\/3694","targetHints":{"allow":["GET"]}}],"collection":[{"href":"https:\/\/nehstore.com\/klubb\/wp-json\/wp\/v2\/product"}],"about":[{"href":"https:\/\/nehstore.com\/klubb\/wp-json\/wp\/v2\/types\/product"}],"wp:featuredmedia":[{"embeddable":true,"href":"https:\/\/nehstore.com\/klubb\/wp-json\/wp\/v2\/media\/3661"}],"wp:attachment":[{"href":"https:\/\/nehstore.com\/klubb\/wp-json\/wp\/v2\/media?parent=3694"}],"wp:term":[{"taxonomy":"product_brand","embeddable":true,"href":"https:\/\/nehstore.com\/klubb\/wp-json\/wp\/v2\/product_brand?post=3694"},{"taxonomy":"product_cat","embeddable":true,"href":"https:\/\/nehstore.com\/klubb\/wp-json\/wp\/v2\/product_cat?post=3694"},{"taxonomy":"product_tag","embeddable":true,"href":"https:\/\/nehstore.com\/klubb\/wp-json\/wp\/v2\/product_tag?post=3694"}],"curies":[{"name":"wp","href":"https:\/\/api.w.org\/{rel}","templated":true}]}}