{"id":5030,"date":"2025-09-19T07:16:58","date_gmt":"2025-09-19T07:16:58","guid":{"rendered":"https:\/\/nehstore.com\/klubb\/?post_type=product&#038;p=5030"},"modified":"2025-11-04T15:33:12","modified_gmt":"2025-11-04T15:33:12","slug":"lattvadderad-jacka-lfk","status":"publish","type":"product","link":"https:\/\/nehstore.com\/klubb\/produkt\/lattvadderad-jacka-lfk\/","title":{"rendered":"L\u00e4ttvadderad jacka, LFK"},"content":{"rendered":"<!--themify_builder_content-->\n<div id=\"themify_builder_content-5030\" data-postid=\"5030\" class=\"themify_builder_content themify_builder_content-5030 themify_builder tf_clear\">\n    <\/div>\n<!--\/themify_builder_content-->\n","protected":false},"excerpt":{"rendered":"<p>En varm och l\u00e4tt jacka med dunliknande vaddering. Tillverkad av 100% \u00e5tervunnen polyamid. Avtagbar huva, tre ytterfickor med dragkedjor och tv\u00e5 innerfickor. Elastiskt avslut i nederkant samt \u00e4rmar. Utrustad med f\u00e4rgade zippullers, h\u00f6rlursl\u00f6sning och dragkedja.<\/p>\n<div>\n<div><strong>F\u00f6r\u00e4dling: <\/strong>Broderade loggor<\/div>\n<div class=\"Text-sc-s31epd-0 iOMnrj d-inline f3-700 mr-1\"><strong>Material:<\/strong> Skal: 100% \u00e5tervunnen polyamid. Vaddering: 100% \u00e5tervunnen polyester. Foder: 100% \u00e5tervunnen polyester<\/div>\n<div><a href=\"https:\/\/images.nwgmedia.com\/pdf\/304499\/0200977_sv_storlek.pdf\" target=\"_blank\" rel=\"noopener\"><strong>Storlekstabell dam<\/strong><\/a><\/div>\n<div><a href=\"https:\/\/images.nwgmedia.com\/pdf\/304670\/0200976_sv_storlek.pdf\" target=\"_blank\" rel=\"noopener\"><strong>Storlekstabell herr<\/strong><\/a><br \/>\n<a href=\"https:\/\/images.nwgmedia.com\/pdf\/304717\/0200905_sv_storlek.pdf\" target=\"_blank\" rel=\"noopener\"><strong>Storlekstabell barn<\/strong><\/a><\/div>\n<\/div>\n","protected":false},"featured_media":5015,"template":"","meta":{"_uag_custom_page_level_css":""},"product_brand":[],"product_cat":[300],"product_tag":[],"class_list":{"0":"post-5030","1":"product","2":"type-product","3":"status-publish","4":"has-post-thumbnail","6":"product_cat-linkopings-faltrittklubb","7":"has-post-title","8":"has-post-date","9":"has-post-category","10":"has-post-tag","11":"has-post-comment","12":"has-post-author","13":"","15":"first","16":"instock","17":"taxable","18":"shipping-taxable","19":"purchasable","20":"product-type-variable"},"uagb_featured_image_src":{"full":["https:\/\/nehstore.com\/klubb\/wp-content\/uploads\/2025\/09\/Produkter-i-shop-Smedstadj2.jpg",850,850,false],"thumbnail":["https:\/\/nehstore.com\/klubb\/wp-content\/uploads\/2025\/09\/Produkter-i-shop-Smedstadj2-150x150.jpg",150,150,true],"medium":["https:\/\/nehstore.com\/klubb\/wp-content\/uploads\/2025\/09\/Produkter-i-shop-Smedstadj2-300x300.jpg",300,300,true],"medium_large":["https:\/\/nehstore.com\/klubb\/wp-content\/uploads\/2025\/09\/Produkter-i-shop-Smedstadj2-768x768.jpg",768,768,true],"large":["https:\/\/nehstore.com\/klubb\/wp-content\/uploads\/2025\/09\/Produkter-i-shop-Smedstadj2.jpg",850,850,false],"RoboGalleryMansoryImagesCenter":["https:\/\/nehstore.com\/klubb\/wp-content\/uploads\/2025\/09\/Produkter-i-shop-Smedstadj2-600x850.jpg",600,850,true],"RoboGalleryPreload":["https:\/\/nehstore.com\/klubb\/wp-content\/uploads\/2025\/09\/Produkter-i-shop-Smedstadj2-100x100.jpg",100,100,true],"1536x1536":["https:\/\/nehstore.com\/klubb\/wp-content\/uploads\/2025\/09\/Produkter-i-shop-Smedstadj2.jpg",850,850,false],"2048x2048":["https:\/\/nehstore.com\/klubb\/wp-content\/uploads\/2025\/09\/Produkter-i-shop-Smedstadj2.jpg",850,850,false],"woocommerce_thumbnail":["https:\/\/nehstore.com\/klubb\/wp-content\/uploads\/2025\/09\/Produkter-i-shop-Smedstadj2-300x300.jpg",300,300,true],"woocommerce_single":["https:\/\/nehstore.com\/klubb\/wp-content\/uploads\/2025\/09\/Produkter-i-shop-Smedstadj2-600x600-600x600.jpg",600,600,true],"woocommerce_gallery_thumbnail":["https:\/\/nehstore.com\/klubb\/wp-content\/uploads\/2025\/09\/Produkter-i-shop-Smedstadj2-100x100.jpg",100,100,true]},"uagb_author_info":{"display_name":"neh-nehstore2","author_link":"https:\/\/nehstore.com\/klubb\/author\/"},"uagb_comment_info":0,"uagb_excerpt":"En varm och l\u00e4tt jacka med dunliknande vaddering. Tillverkad av 100% \u00e5tervunnen polyamid. Avtagbar huva, tre ytterfickor med dragkedjor och tv\u00e5 innerfickor. Elastiskt avslut i nederkant samt \u00e4rmar. Utrustad med f\u00e4rgade zippullers, h\u00f6rlursl\u00f6sning och dragkedja. F\u00f6r\u00e4dling: Broderade loggor Material: Skal: 100% \u00e5tervunnen polyamid. Vaddering: 100% \u00e5tervunnen polyester. Foder: 100% \u00e5tervunnen polyester Storlekstabell dam Storlekstabell herr&hellip;","builder_content":"","_links":{"self":[{"href":"https:\/\/nehstore.com\/klubb\/wp-json\/wp\/v2\/product\/5030","targetHints":{"allow":["GET"]}}],"collection":[{"href":"https:\/\/nehstore.com\/klubb\/wp-json\/wp\/v2\/product"}],"about":[{"href":"https:\/\/nehstore.com\/klubb\/wp-json\/wp\/v2\/types\/product"}],"wp:featuredmedia":[{"embeddable":true,"href":"https:\/\/nehstore.com\/klubb\/wp-json\/wp\/v2\/media\/5015"}],"wp:attachment":[{"href":"https:\/\/nehstore.com\/klubb\/wp-json\/wp\/v2\/media?parent=5030"}],"wp:term":[{"taxonomy":"product_brand","embeddable":true,"href":"https:\/\/nehstore.com\/klubb\/wp-json\/wp\/v2\/product_brand?post=5030"},{"taxonomy":"product_cat","embeddable":true,"href":"https:\/\/nehstore.com\/klubb\/wp-json\/wp\/v2\/product_cat?post=5030"},{"taxonomy":"product_tag","embeddable":true,"href":"https:\/\/nehstore.com\/klubb\/wp-json\/wp\/v2\/product_tag?post=5030"}],"curies":[{"name":"wp","href":"https:\/\/api.w.org\/{rel}","templated":true}]}}