{"id":823,"date":"2024-02-21T14:10:22","date_gmt":"2024-02-21T14:10:22","guid":{"rendered":"https:\/\/nehstore.com\/klubb\/?post_type=product&#038;p=823"},"modified":"2025-01-16T08:21:15","modified_gmt":"2025-01-16T08:21:15","slug":"badshorts-funktion-unisex-2","status":"publish","type":"product","link":"https:\/\/nehstore.com\/klubb\/produkt\/badshorts-funktion-unisex-2\/","title":{"rendered":"Badshorts Funktion, Unisex"},"content":{"rendered":"<!--themify_builder_content-->\n<div id=\"themify_builder_content-823\" data-postid=\"823\" class=\"themify_builder_content themify_builder_content-823 themify_builder tf_clear\">\n    <\/div>\n<!--\/themify_builder_content-->\n","protected":false},"excerpt":{"rendered":"<p>Lediga badshorts med midjeband och res\u00e5r. Meshfoder. Sidofickor och sprund p\u00e5 sidorna.<\/p>\n<div>\n<div><strong>F\u00f6r\u00e4dling: <\/strong>Tryckt logga<\/div>\n<div class=\"Text-sc-s31epd-0 iOMnrj d-inline f3-700 mr-1\"><strong>Material:<\/strong> 100% nylon\/polyester<br \/>\n<strong>Vikt:<\/strong> 280 g\/m2<\/div>\n<\/div>\n","protected":false},"featured_media":837,"template":"","meta":{"_uag_custom_page_level_css":""},"product_brand":[],"product_cat":[19,25,246],"product_tag":[189],"class_list":{"0":"post-823","1":"product","2":"type-product","3":"status-publish","4":"has-post-thumbnail","6":"product_cat-mall-dam","7":"product_cat-mall-herr","8":"product_cat-mallar-alla","9":"product_tag-ingenstorleksguide","10":"has-post-title","11":"has-post-date","12":"has-post-category","13":"has-post-tag","14":"has-post-comment","15":"has-post-author","16":"","18":"first","19":"instock","20":"taxable","21":"shipping-taxable","22":"purchasable","23":"product-type-variable"},"uagb_featured_image_src":{"full":["https:\/\/nehstore.com\/klubb\/wp-content\/uploads\/2024\/02\/Badshorts-Funktion-Unisex-JPG.jpg",842,842,false],"thumbnail":["https:\/\/nehstore.com\/klubb\/wp-content\/uploads\/2024\/02\/Badshorts-Funktion-Unisex-JPG-150x150.jpg",150,150,true],"medium":["https:\/\/nehstore.com\/klubb\/wp-content\/uploads\/2024\/02\/Badshorts-Funktion-Unisex-JPG-300x300.jpg",300,300,true],"medium_large":["https:\/\/nehstore.com\/klubb\/wp-content\/uploads\/2024\/02\/Badshorts-Funktion-Unisex-JPG-768x768.jpg",768,768,true],"large":["https:\/\/nehstore.com\/klubb\/wp-content\/uploads\/2024\/02\/Badshorts-Funktion-Unisex-JPG.jpg",842,842,false],"RoboGalleryMansoryImagesCenter":["https:\/\/nehstore.com\/klubb\/wp-content\/uploads\/2024\/02\/Badshorts-Funktion-Unisex-JPG.jpg",600,600,false],"RoboGalleryPreload":["https:\/\/nehstore.com\/klubb\/wp-content\/uploads\/2024\/02\/Badshorts-Funktion-Unisex-JPG.jpg",100,100,false],"1536x1536":["https:\/\/nehstore.com\/klubb\/wp-content\/uploads\/2024\/02\/Badshorts-Funktion-Unisex-JPG.jpg",842,842,false],"2048x2048":["https:\/\/nehstore.com\/klubb\/wp-content\/uploads\/2024\/02\/Badshorts-Funktion-Unisex-JPG.jpg",842,842,false],"woocommerce_thumbnail":["https:\/\/nehstore.com\/klubb\/wp-content\/uploads\/2024\/02\/Badshorts-Funktion-Unisex-JPG-300x300.jpg",300,300,true],"woocommerce_single":["https:\/\/nehstore.com\/klubb\/wp-content\/uploads\/2024\/02\/Badshorts-Funktion-Unisex-JPG-600x600.jpg",600,600,true],"woocommerce_gallery_thumbnail":["https:\/\/nehstore.com\/klubb\/wp-content\/uploads\/2024\/02\/Badshorts-Funktion-Unisex-JPG-100x100.jpg",100,100,true]},"uagb_author_info":{"display_name":"neh-nehstore2","author_link":"https:\/\/nehstore.com\/klubb\/author\/"},"uagb_comment_info":0,"uagb_excerpt":"Lediga badshorts med midjeband och res\u00e5r. Meshfoder. Sidofickor och sprund p\u00e5 sidorna. F\u00f6r\u00e4dling: Tryckt logga Material: 100% nylon\/polyester Vikt: 280 g\/m2","builder_content":"","_links":{"self":[{"href":"https:\/\/nehstore.com\/klubb\/wp-json\/wp\/v2\/product\/823","targetHints":{"allow":["GET"]}}],"collection":[{"href":"https:\/\/nehstore.com\/klubb\/wp-json\/wp\/v2\/product"}],"about":[{"href":"https:\/\/nehstore.com\/klubb\/wp-json\/wp\/v2\/types\/product"}],"wp:featuredmedia":[{"embeddable":true,"href":"https:\/\/nehstore.com\/klubb\/wp-json\/wp\/v2\/media\/837"}],"wp:attachment":[{"href":"https:\/\/nehstore.com\/klubb\/wp-json\/wp\/v2\/media?parent=823"}],"wp:term":[{"taxonomy":"product_brand","embeddable":true,"href":"https:\/\/nehstore.com\/klubb\/wp-json\/wp\/v2\/product_brand?post=823"},{"taxonomy":"product_cat","embeddable":true,"href":"https:\/\/nehstore.com\/klubb\/wp-json\/wp\/v2\/product_cat?post=823"},{"taxonomy":"product_tag","embeddable":true,"href":"https:\/\/nehstore.com\/klubb\/wp-json\/wp\/v2\/product_tag?post=823"}],"curies":[{"name":"wp","href":"https:\/\/api.w.org\/{rel}","templated":true}]}}