{"id":1860,"date":"2024-03-08T08:37:41","date_gmt":"2024-03-08T08:37:41","guid":{"rendered":"https:\/\/nehstore.com\/nyshop\/?post_type=product&#038;p=1860"},"modified":"2024-04-26T12:44:08","modified_gmt":"2024-04-26T12:44:08","slug":"shorts-craft-unisex","status":"publish","type":"product","link":"https:\/\/nehstore.com\/nyshop\/produkt\/shorts-craft-unisex\/","title":{"rendered":"Shorts Craft, Unisex"},"content":{"rendered":"","protected":false},"excerpt":{"rendered":"<p>Funktionella tr\u00e4ningsshorts med l\u00f6s passform som passar till de flesta typer av fysiska aktiviteter. Dessa m\u00e5ngfacetterade shorts har justerbar midja med dragsko och tv\u00e5 sidfickor.<\/p>\n<p>\u2022 Justerbar midja med dragsko<br \/>\n\u2022 Tv\u00e5 sidfickor<br \/>\n\u2022 L\u00f6s passform<\/p>\n<div>\n<div><strong>Storlekar:<\/strong> XS &#8211; XXL<\/div>\n<div class=\"Text-sc-s31epd-0 iovWTc d-inline f3-700 mr-1\"><strong>Material:<\/strong> 100%PES recycled plain woven<br \/>\n<strong>Vikt:<\/strong> 80 g\/m2<\/div>\n<\/div>\n","protected":false},"featured_media":1858,"template":"","meta":[],"product_brand":[],"product_cat":[19,20,22],"product_tag":[90,180,64,77],"class_list":{"0":"post-1860","1":"product","2":"type-product","3":"status-publish","4":"has-post-thumbnail","6":"product_cat-dam","7":"product_cat-herr","8":"product_cat-klader","9":"product_tag-byxa","10":"product_tag-craft","11":"product_tag-traning","12":"product_tag-unisex","13":"has-post-title","14":"has-post-date","15":"has-post-category","16":"has-post-tag","17":"has-post-comment","18":"has-post-author","19":"","21":"first","22":"instock","23":"shipping-taxable","24":"purchasable","25":"product-type-variable"},"builder_content":"","_links":{"self":[{"href":"https:\/\/nehstore.com\/nyshop\/wp-json\/wp\/v2\/product\/1860","targetHints":{"allow":["GET"]}}],"collection":[{"href":"https:\/\/nehstore.com\/nyshop\/wp-json\/wp\/v2\/product"}],"about":[{"href":"https:\/\/nehstore.com\/nyshop\/wp-json\/wp\/v2\/types\/product"}],"wp:featuredmedia":[{"embeddable":true,"href":"https:\/\/nehstore.com\/nyshop\/wp-json\/wp\/v2\/media\/1858"}],"wp:attachment":[{"href":"https:\/\/nehstore.com\/nyshop\/wp-json\/wp\/v2\/media?parent=1860"}],"wp:term":[{"taxonomy":"product_brand","embeddable":true,"href":"https:\/\/nehstore.com\/nyshop\/wp-json\/wp\/v2\/product_brand?post=1860"},{"taxonomy":"product_cat","embeddable":true,"href":"https:\/\/nehstore.com\/nyshop\/wp-json\/wp\/v2\/product_cat?post=1860"},{"taxonomy":"product_tag","embeddable":true,"href":"https:\/\/nehstore.com\/nyshop\/wp-json\/wp\/v2\/product_tag?post=1860"}],"curies":[{"name":"wp","href":"https:\/\/api.w.org\/{rel}","templated":true}]}}